 = 117 + -116. What is the units digit of 202/l*14/28?
1
What is the tens digit of 3021 - ((-75)/90)/(1/(-6))?
1
Let t be (-4 + 1)/((-5)/95). Suppose -2*c + t + 233 = 0. What is the tens digit of c?
4
Suppose 27*v - 29*v + 3901 = -u, -9757 = -5*v - 2*u. What is the hundreds digit of v?
9
What is the units digit of (-386)/(-6) + 3 + (-8)/(-12)?
8
Let z be (-64)/12*(1 - -2). Let r = 125 + z. Let y = -78 + r. What is the tens digit of y?
3
Let o(v) = -v**3 + 2*v**2 + 6*v + 90. What is the tens digit of o(-10)?
3
Let j(m) = -m**3 - 12*m**2 + 17*m + 6. Let g be -15 - 5/(-10 - -5). What is the units digit of j(g)?
0
Let j = 2610 - -351. What is the tens digit of j?
6
Let o(a) = 11*a + 14. Let v be o(14). Let g = v + -52. Suppose -4*w = 2*n - g, -w + 19 = 4*n - n. What is the tens digit of w?
3
Suppose -25*z + 43136 = 12111. What is the tens digit of z?
4
Suppose -3*k + 27 + 2355 = 3*f, 0 = -3*k - 5*f + 2372. What is the units digit of k?
9
Let k(z) = 249*z + 4. Let b be k(1). Let l = b + -176. What is the tens digit of l?
7
Suppose 0 = 5*k - 4*k - 8. Let h = 11 - k. Suppose j = -5*c + 247, h*c + 5*j = 6*c - 137. What is the units digit of c?
9
Suppose 1724 = 5*l - 4*r + 3*r, -5*l - 3*r + 1708 = 0. What is the tens digit of l?
4
Suppose 13*h - 54813 = -20*h. What is the thousands digit of h?
1
Let r(x) = -x - 5*x - 4*x**2 + x**3 - 4 - 5 + 6. What is the units digit of r(6)?
3
Let k be (8/(-3))/(14/(-252)). What is the tens digit of (148/(-6))/((-32)/k)?
3
Suppose v - 1844 = -4*a, -7*v - 3681 = -9*v - a. What is the tens digit of v?
4
Suppose 3 = 3*j, 0*j = 4*z - 3*j - 17. Let p(t) = 29*t - 1. What is the units digit of p(z)?
4
Let y = -106 + 483. What is the units digit of y?
7
Suppose 626 = 5*k - 194. What is the hundreds digit of k?
1
Suppose 0 = 19*j - 12*j - 8575. What is the tens digit of j?
2
Let o = 20 - 12. What is the tens digit of (-108)/(-144) + 181*2/o?
4
Let z = 1349 - -581. What is the thousands digit of z?
1
Suppose 2*k = -3*g + 39, -2*k - 4*g + 44 = -0*g. Let j be (-16 - -4)/(k/(-64)). What is the tens digit of j/6 + 7/21?
1
Suppose 0 = 5*n, 0 = 7*p - 10*p + n - 6. What is the units digit of (0 + -1 + (-1)/p)*-346?
3
Let g(q) = 79*q - 259. What is the thousands digit of g(31)?
2
Let b = 2140 - -1027. What is the tens digit of b?
6
Let g(w) = -w**2 - 2*w + 2. Let n be g(-4). Let z be 32/12 - 2/n. Suppose -z*t + 20 = -t. What is the units digit of t?
0
Suppose -2*z = 3*x - 1497, 2004 + 496 = 5*x + 5*z. What is the units digit of x?
7
Suppose -8448 = -41*f + 8*f. What is the units digit of f?
6
Suppose -10 = -n - 0. Let y = n + -7. Suppose 3*b + r = 66, b + 0*r + y*r - 30 = 0. What is the units digit of b?
1
Let w(p) = 4*p**2 + 9*p - 15. Let c(i) = 3*i**2 + 8*i - 15. Let r(u) = -6*c(u) + 5*w(u). What is the tens digit of r(6)?
6
Suppose 10*q = 9*q - 3. Let c(b) be the first derivative of -7*b**2 + 2*b + 1. What is the tens digit of c(q)?
4
Let q(s) = 38*s - 2. Let k be q(-6). Let i = 39 - k. What is the units digit of i?
9
Let k(j) = -10*j - 8. What is the tens digit of k(-8)?
7
Let k(z) = -z**3 - 9*z**2 + 11*z + 12. Let f be k(-10). Let t be -3*(-10)/(-15) - (5 - 1). What is the units digit of 32/t*(-3)/f?
8
Suppose 59*i - 61*i + 328 = 0. What is the tens digit of i?
6
Let v = -140 - -258. What is the tens digit of v?
1
What is the units digit of ((-4246)/(-3))/(12/36)?
6
Let j = 1 - -738. What is the tens digit of j?
3
Let b(p) = -p**3 - 7*p**2 - 3*p. Let i be b(-5). Suppose 3*h - 6 + 0 = 0, 2*y = -5*h - 10. What is the units digit of (-714)/i + (-6)/y?
1
Let l(d) = -114*d - 64. What is the tens digit of l(-7)?
3
Let h(q) = q**2 - 11*q - 9. Let u be h(12). Let k(p) = p**u - 2 + 3*p + 0 - 6*p**2 + 5*p**2. What is the units digit of k(2)?
8
Let u(q) = -q + 0*q + 8 - 2*q + q. Let v be u(-4). Suppose -11 = -d + v. What is the tens digit of d?
2
Let g = -3669 + 8631. What is the tens digit of g?
6
Suppose -5*y + y + 532 = 4*a, 2*y = 2*a + 278. Let m be (-1 - -1) + (1 - -1). Suppose -6*b = -m*b - y. What is the tens digit of b?
3
Let p(i) be the second derivative of -8*i**5/5 + i**4/3 + i**3/6 - 3*i**2/2 + 33*i. What is the units digit of p(-2)?
7
Suppose 24000 = 47*u - 35*u. What is the tens digit of u?
0
Let y = -12 - -20. Suppose -4*l + y*l = 24. What is the units digit of (-2470)/(-40) + l/(-8)?
1
What is the hundreds digit of ((-22)/(-33))/((-14)/(-8883))?
4
Suppose 0 = 11*x - 6*x - 4*f - 1265, 3*x - 759 = 5*f. What is the hundreds digit of x?
2
Let w be 0 - ((-4)/(-2) + -17). Suppose 0 = 8*v - 5*v + 5*o - 15, -3*o = -9. Suppose -5*h = -v*h - w. What is the units digit of h?
3
Let o(t) be the second derivative of t**3/6 - 28*t**2 + 4*t. Let x be o(0). What is the units digit of -5*1*x/10?
8
Let w be 168/20*(-140)/(-6). Let i = -121 + w. What is the tens digit of i?
7
Let k be (-14)/(-4)*(-148)/(-2). Suppose 9*d - k = 2*d. Let p = -9 + d. What is the tens digit of p?
2
Let u be 6/(-21) - 23/(-7). Suppose 144 = u*d - 0*d. Suppose 10*t - d = 4*t. What is the units digit of t?
8
Let p(g) = 2*g**2 + 8*g + 63. What is the hundreds digit of p(17)?
7
Let a(r) = -13*r - 5. Suppose 4*y + w = -6, -4*w + 3 = y - 3. Let v be a(y). Let u = v - 11. What is the units digit of u?
0
Let f = -3927 + 5551. What is the tens digit of f?
2
Let y = -44 + 44. Suppose y = -5*d + 4*c + 198 + 117, 3*c - 63 = -d. What is the units digit of d?
3
Suppose 8*b - 2416 = 3*b + 4*o, 0 = -o - 4. What is the hundreds digit of b?
4
Let v = 1044 + -820. What is the hundreds digit of v?
2
What is the units digit of 427/(-244) - 34398/(-8)?
8
Suppose -2*x = -v - 22, 0 = -5*x - 4*v + 16 + 26. Suppose 0 = -3*f - 5*m - 16, -5*m = f - m + x. What is the units digit of f/(-5) + 1165/25?
7
Suppose -77 = -7*m - 245. Let z = 19 - m. What is the tens digit of z?
4
Suppose 19 = 7*p - 366. Let i = 148 - p. What is the tens digit of i?
9
Suppose -6*q = -q - 50. What is the units digit of (q/(-6))/(4/(-12))?
5
Suppose -26*s - 29682 = -90054. What is the units digit of s?
2
Suppose -v + 18 = -0. What is the units digit of (114/4)/(v/48)?
6
Suppose l + 3*l + g - 48 = 0, 4*l - 48 = -4*g. Suppose 4*f = 2*y - l, 5*y = 2*f - 17 + 71. What is the tens digit of y?
1
Suppose -6*v + 15 = -21. Let c(u) = u - u**3 + 8*u**2 - u**2 - u + 2 - 3*u. What is the units digit of c(v)?
0
Suppose -m = 2*f - 9, f - 8*m + 1 = -3*m. Suppose -f*c = -3*c - 116. What is the tens digit of c?
1
Suppose 4 = 3*b + 4*x, b = -0*b - 4*x + 4. Suppose 15 = w + h - b*h, h = -2*w + 26. What is the units digit of 8/(-44) + 244/w?
2
Let j(g) be the third derivative of g**4/12 + 11*g**3/3 - 9*g**2. What is the units digit of j(-10)?
2
Let n be 1 + ((-36)/27)/((-1)/(-3)). What is the units digit of (-3)/(-6)*(-18)/n?
3
Let a be (-1 + -2 - 0) + (86 - 2). Suppose -6*u = a - 765. What is the tens digit of u?
1
Let l = 126 - 116. What is the units digit of -223*((-10)/l)/(1 + 0)?
3
Let d(z) = -z**3 + 15*z**2 - 10*z + 29. What is the tens digit of d(12)?
4
Let u(k) = 12*k**3 - 72*k**2 - 9*k - 7. What is the thousands digit of u(8)?
1
Let m(i) = -i**3 - 5*i**2 + i + 12. Let q be m(-5). Suppose r - q = 7. Let t = r - 11. What is the units digit of t?
3
Let q = 45 - 39. What is the tens digit of (91 - q) + -2*(1 + -2)?
8
Let j(d) = 2*d**3 - 9*d**2 + 11*d + 3. What is the hundreds digit of j(7)?
3
Let k be (-3)/9*-5*3. Suppose k*m - 142 = -7. What is the tens digit of m?
2
Suppose -6 = -5*v + 24. What is the units digit of (-9318)/(-66) + v/(-33)?
1
Let q be 15/(-12) + 3/(-4). Let l be -5*(8 + (q - -2)). Let v = -21 - l. What is the tens digit of v?
1
Let d = 2650 + 1196. What is the thousands digit of d?
3
Let r = -523 - -889. What is the units digit of r?
6
Let y(f) = 2*f**3 - 2*f**2 + 2. Let n be y(-2). What is the units digit of (-2)/(-4) - 363/n?
7
Suppose 5348 = 4*v - 5*k, 2*v - 4*v - 2*k + 2692 = 0. What is the units digit of v?
2
Suppose -5*a + 5*l - 303 = 902, -235 = a + l. Let g = -112 - a. What is the units digit of g?
6
Let v be 0*(7/2)/7. Suppose 0 = -l - v*l + 2. Suppose -l*y = 25 - 73. What is the units digit of y?
4
Let m be ((-4)/6)/((-5)/195). Let d be (m/(-10))/((-9)/45). Suppose 20 + d = 3*w. What is the tens digit of w?
1
Let y = -7 + 6. Let d be 2*y/(-4)*6. Let p = 2 + d. What is the units digit of p?
5
Suppose -2*